{"id":34,"date":"2022-08-25T11:36:00","date_gmt":"2022-08-25T10:36:00","guid":{"rendered":"http:\/\/labourdenne.fr\/?page_id=34"},"modified":"2025-10-01T12:05:53","modified_gmt":"2025-10-01T11:05:53","slug":"atelier-cuisine","status":"publish","type":"page","link":"https:\/\/labourdenne.fr\/index.php\/atelier-cuisine\/","title":{"rendered":"Cuisine"},"content":{"rendered":"\n<p class=\"has-text-align-justify has-black-color has-light-green-cyan-background-color has-text-color has-background\" style=\"font-size:22px\"><strong>Les ateliers cuisine du monde ont repris en cette rentr\u00e9e 2025, dans le plaisir si simple de partager un bon moment autour d&rsquo;un bon plat<\/strong>.<\/p>\n\n\n\n<div class=\"wp-block-jetpack-tiled-gallery aligncenter is-style-rectangular\"><div class=\"\"><div class=\"tiled-gallery__gallery\"><div class=\"tiled-gallery__row\"><div class=\"tiled-gallery__col\" style=\"flex-basis:63.96460%\"><figure class=\"tiled-gallery__item\"><img decoding=\"async\" data-attachment-id=\"3767\" data-permalink=\"https:\/\/labourdenne.fr\/index.php\/atelier-cuisine\/img_7483-grande\/\" data-orig-file=\"https:\/\/i0.wp.com\/labourdenne.fr\/wp-content\/uploads\/2023\/11\/IMG_7483-Grande.jpeg?fit=1280%2C960&amp;ssl=1\" data-orig-size=\"1280,960\" data-comments-opened=\"1\" data-image-meta=\"{&quot;aperture&quot;:&quot;0&quot;,&quot;credit&quot;:&quot;&quot;,&quot;camera&quot;:&quot;&quot;,&quot;caption&quot;:&quot;&quot;,&quot;created_timestamp&quot;:&quot;0&quot;,&quot;copyright&quot;:&quot;&quot;,&quot;focal_length&quot;:&quot;0&quot;,&quot;iso&quot;:&quot;0&quot;,&quot;shutter_speed&quot;:&quot;0&quot;,&quot;title&quot;:&quot;&quot;,&quot;orientation&quot;:&quot;1&quot;}\" data-image-title=\"IMG_7483-Grande\" data-image-description=\"\" data-image-caption=\"\" data-large-file=\"https:\/\/i0.wp.com\/labourdenne.fr\/wp-content\/uploads\/2023\/11\/IMG_7483-Grande.jpeg?fit=646%2C485&amp;ssl=1\" data-attachment-id=\"3767\" data-permalink=\"https:\/\/labourdenne.fr\/index.php\/atelier-cuisine\/img_7483-grande\/\" data-orig-file=\"https:\/\/i0.wp.com\/labourdenne.fr\/wp-content\/uploads\/2023\/11\/IMG_7483-Grande.jpeg?fit=1280%2C960&amp;ssl=1\" data-orig-size=\"1280,960\" data-comments-opened=\"1\" data-image-meta=\"{&quot;aperture&quot;:&quot;0&quot;,&quot;credit&quot;:&quot;&quot;,&quot;camera&quot;:&quot;&quot;,&quot;caption&quot;:&quot;&quot;,&quot;created_timestamp&quot;:&quot;0&quot;,&quot;copyright&quot;:&quot;&quot;,&quot;focal_length&quot;:&quot;0&quot;,&quot;iso&quot;:&quot;0&quot;,&quot;shutter_speed&quot;:&quot;0&quot;,&quot;title&quot;:&quot;&quot;,&quot;orientation&quot;:&quot;1&quot;}\" data-image-title=\"IMG_7483-Grande\" data-image-description=\"\" data-image-caption=\"\" data-large-file=\"https:\/\/i0.wp.com\/labourdenne.fr\/wp-content\/uploads\/2023\/11\/IMG_7483-Grande.jpeg?fit=646%2C485&amp;ssl=1\" role=\"button\" tabindex=\"0\" aria-label=\"Ouvrir l\u2019image 1 sur 2 en plein \u00e9cran\"srcset=\"https:\/\/i0.wp.com\/labourdenne.fr\/wp-content\/uploads\/2023\/11\/IMG_7483-Grande-1024x768.jpeg?strip=info&#038;w=600&#038;ssl=1 600w,https:\/\/i0.wp.com\/labourdenne.fr\/wp-content\/uploads\/2023\/11\/IMG_7483-Grande-1024x768.jpeg?strip=info&#038;w=900&#038;ssl=1 900w,https:\/\/i0.wp.com\/labourdenne.fr\/wp-content\/uploads\/2023\/11\/IMG_7483-Grande-1024x768.jpeg?strip=info&#038;w=1200&#038;ssl=1 1200w,https:\/\/i0.wp.com\/labourdenne.fr\/wp-content\/uploads\/2023\/11\/IMG_7483-Grande-1024x768.jpeg?strip=info&#038;w=1280&#038;ssl=1 1280w\" alt=\"\" data-height=\"960\" data-id=\"3767\" data-link=\"https:\/\/labourdenne.fr\/index.php\/atelier-cuisine\/img_7483-grande\/\" data-url=\"https:\/\/labourdenne.fr\/wp-content\/uploads\/2023\/11\/IMG_7483-Grande-1024x768.jpeg\" data-width=\"1280\" src=\"https:\/\/i0.wp.com\/labourdenne.fr\/wp-content\/uploads\/2023\/11\/IMG_7483-Grande-1024x768.jpeg?ssl=1\" data-amp-layout=\"responsive\"\/><\/figure><\/div><div class=\"tiled-gallery__col\" style=\"flex-basis:36.03540%\"><figure class=\"tiled-gallery__item\"><img decoding=\"async\" data-attachment-id=\"3768\" data-permalink=\"https:\/\/labourdenne.fr\/index.php\/atelier-cuisine\/img_7485-grande\/\" data-orig-file=\"https:\/\/i0.wp.com\/labourdenne.fr\/wp-content\/uploads\/2023\/11\/IMG_7485-Grande.jpeg?fit=960%2C1280&amp;ssl=1\" data-orig-size=\"960,1280\" data-comments-opened=\"1\" data-image-meta=\"{&quot;aperture&quot;:&quot;0&quot;,&quot;credit&quot;:&quot;&quot;,&quot;camera&quot;:&quot;&quot;,&quot;caption&quot;:&quot;&quot;,&quot;created_timestamp&quot;:&quot;0&quot;,&quot;copyright&quot;:&quot;&quot;,&quot;focal_length&quot;:&quot;0&quot;,&quot;iso&quot;:&quot;0&quot;,&quot;shutter_speed&quot;:&quot;0&quot;,&quot;title&quot;:&quot;&quot;,&quot;orientation&quot;:&quot;1&quot;}\" data-image-title=\"IMG_7485-Grande\" data-image-description=\"\" data-image-caption=\"\" data-large-file=\"https:\/\/i0.wp.com\/labourdenne.fr\/wp-content\/uploads\/2023\/11\/IMG_7485-Grande.jpeg?fit=646%2C861&amp;ssl=1\" data-attachment-id=\"3768\" data-permalink=\"https:\/\/labourdenne.fr\/index.php\/atelier-cuisine\/img_7485-grande\/\" data-orig-file=\"https:\/\/i0.wp.com\/labourdenne.fr\/wp-content\/uploads\/2023\/11\/IMG_7485-Grande.jpeg?fit=960%2C1280&amp;ssl=1\" data-orig-size=\"960,1280\" data-comments-opened=\"1\" data-image-meta=\"{&quot;aperture&quot;:&quot;0&quot;,&quot;credit&quot;:&quot;&quot;,&quot;camera&quot;:&quot;&quot;,&quot;caption&quot;:&quot;&quot;,&quot;created_timestamp&quot;:&quot;0&quot;,&quot;copyright&quot;:&quot;&quot;,&quot;focal_length&quot;:&quot;0&quot;,&quot;iso&quot;:&quot;0&quot;,&quot;shutter_speed&quot;:&quot;0&quot;,&quot;title&quot;:&quot;&quot;,&quot;orientation&quot;:&quot;1&quot;}\" data-image-title=\"IMG_7485-Grande\" data-image-description=\"\" data-image-caption=\"\" data-large-file=\"https:\/\/i0.wp.com\/labourdenne.fr\/wp-content\/uploads\/2023\/11\/IMG_7485-Grande.jpeg?fit=646%2C861&amp;ssl=1\" role=\"button\" tabindex=\"0\" aria-label=\"Ouvrir l\u2019image 2 sur 2 en plein \u00e9cran\"srcset=\"https:\/\/i0.wp.com\/labourdenne.fr\/wp-content\/uploads\/2023\/11\/IMG_7485-Grande-768x1024.jpeg?strip=info&#038;w=600&#038;ssl=1 600w,https:\/\/i0.wp.com\/labourdenne.fr\/wp-content\/uploads\/2023\/11\/IMG_7485-Grande-768x1024.jpeg?strip=info&#038;w=900&#038;ssl=1 900w,https:\/\/i0.wp.com\/labourdenne.fr\/wp-content\/uploads\/2023\/11\/IMG_7485-Grande-768x1024.jpeg?strip=info&#038;w=960&#038;ssl=1 960w\" alt=\"\" data-height=\"1280\" data-id=\"3768\" data-link=\"https:\/\/labourdenne.fr\/index.php\/atelier-cuisine\/img_7485-grande\/\" data-url=\"https:\/\/labourdenne.fr\/wp-content\/uploads\/2023\/11\/IMG_7485-Grande-768x1024.jpeg\" data-width=\"960\" src=\"https:\/\/i0.wp.com\/labourdenne.fr\/wp-content\/uploads\/2023\/11\/IMG_7485-Grande-768x1024.jpeg?ssl=1\" data-amp-layout=\"responsive\"\/><\/figure><\/div><\/div><\/div><\/div><\/div>\n\n\n\n<p>Un samedi par mois <strong>\u00e0 partir de 17:00 \u00e0 Buzy<\/strong>&nbsp;les marmitons se r\u00e9unissent pour partager et apprendre des recettes du monde entier.<\/p>\n\n\n\n<p>En fonction des disponibilit\u00e9s et du nombre de&nbsp;participants, ces&nbsp;repas se d\u00e9roulent le plus souvent \u00e0 <strong>l&rsquo;espace Sagette, place du Prat, Buzy<\/strong><\/p>\n\n\n\n<p>De la pr\u00e9paration \u00e0 la d\u00e9gustation, c&rsquo;est un moment de partage et de convivialit\u00e9 autour de recettes du monde entier puis\u00e9es aux origines ou r\u00e9colt\u00e9es&nbsp;aux&nbsp;passages de chacun autour de notre petit&nbsp;globe terrestre.<\/p>\n\n\n\n<p>Une recette est choisie d&rsquo;un atelier \u00e0 l&rsquo;autre, les frais d&rsquo;achat des produits sont partag\u00e9s entre tous les convives inscrits et pr\u00e9sents.<\/p>\n\n\n\n<p>Venez nombreuses et nombreux.<\/p>\n\n\n\n<h2 class=\"wp-block-heading\">Nous contacter<\/h2>\n\n\n\n<p>Apr\u00e8s 11 ann\u00e9es d&rsquo;animation de cette section (de 2014 \u00e0 2025) Corinne a pass\u00e9 le relais \u00e0 un duo compos\u00e9 d&rsquo;Emilie et Aur\u00e9lie,  qui deviennent les animatrices de cette section.<\/p>\n\n\n\n<p>Pour les\u00a0contacter ou vous inscrire au prochain repas, vous pouvez utiliser le formulaire suivant :<\/p>\n\n\n<div class=\"wp-block-jetpack-contact-form is-layout-flex wp-container-jetpack-contact-form-is-layout-faa3ad1c wp-block-jetpack-contact-form-is-layout-flex\"><a href=\"https:\/\/labourdenne.fr\/index.php\/atelier-cuisine\/\" target=\"_blank\" rel=\"noopener noreferrer\">Soumettre un formulaire.<\/a><\/div>\n\n\n<h2 class=\"wp-block-heading\">Articles pr\u00e9c\u00e9dents de la section<\/h2>\n\n\n<ul class=\"wp-block-latest-posts__list has-dates wp-block-latest-posts\"><li><a class=\"wp-block-latest-posts__post-title\" href=\"https:\/\/labourdenne.fr\/index.php\/2026\/04\/18\/croissants-et-chocolatines-avril-2026\/\">Croissants et chocolatines (Avril 2026)<\/a><time datetime=\"2026-04-18T16:47:08+01:00\" class=\"wp-block-latest-posts__post-date\">18 avril 2026<\/time><\/li>\n<li><a class=\"wp-block-latest-posts__post-title\" href=\"https:\/\/labourdenne.fr\/index.php\/2026\/03\/14\/abba-aux-abats\/\">ABBA aux Abats<\/a><time datetime=\"2026-03-14T23:00:00+01:00\" class=\"wp-block-latest-posts__post-date\">14 mars 2026<\/time><\/li>\n<li><a class=\"wp-block-latest-posts__post-title\" href=\"https:\/\/labourdenne.fr\/index.php\/2026\/02\/14\/repas-du-14-fevrier-2026-ballotines-de-volailles-et-son-risotto\/\">Repas du 14 f\u00e9vrier 2026 &#8211; Ballotines de volailles et son risotto.<\/a><time datetime=\"2026-02-14T21:38:03+01:00\" class=\"wp-block-latest-posts__post-date\">14 f\u00e9vrier 2026<\/time><\/li>\n<li><a class=\"wp-block-latest-posts__post-title\" href=\"https:\/\/labourdenne.fr\/index.php\/2026\/01\/24\/atelier-cuisine-du-24-janvier-2026\/\">Atelier cuisine du 24 janvier 2026<\/a><time datetime=\"2026-01-24T21:57:41+01:00\" class=\"wp-block-latest-posts__post-date\">24 janvier 2026<\/time><\/li>\n<li><a class=\"wp-block-latest-posts__post-title\" href=\"https:\/\/labourdenne.fr\/index.php\/2025\/04\/12\/repas-du-12-avril-repas-des-enfants\/\">Repas du 12 avril: repas des enfants<\/a><time datetime=\"2025-04-12T20:38:12+01:00\" class=\"wp-block-latest-posts__post-date\">12 avril 2025<\/time><\/li>\n<\/ul>","protected":false},"excerpt":{"rendered":"<p>Les ateliers cuisine du monde ont repris en cette rentr\u00e9e 2025, dans le plaisir si simple de partager un bon moment autour d&rsquo;un bon plat. Un samedi par mois \u00e0 partir de 17:00 \u00e0 Buzy&nbsp;les marmitons se r\u00e9unissent pour partager et apprendre des recettes du monde entier. En fonction des disponibilit\u00e9s et du nombre de&nbsp;participants, [&hellip;]<\/p>\n","protected":false},"author":1,"featured_media":0,"parent":0,"menu_order":0,"comment_status":"closed","ping_status":"closed","template":"","meta":{"jetpack_post_was_ever_published":false,"footnotes":""},"class_list":["post-34","page","type-page","status-publish","hentry"],"jetpack_sharing_enabled":true,"jetpack_shortlink":"https:\/\/wp.me\/P6WNWb-y","jetpack-related-posts":[{"id":11,"url":"https:\/\/labourdenne.fr\/index.php\/atelier-couture\/","url_meta":{"origin":34,"position":0},"title":"Couture","author":"Vincent","date":"14 novembre 2015","format":false,"excerpt":"Tous les jeudis de 14:00 \u00e0 17:00\u00a0nous partageons un agr\u00e9able moment. Nous \u00e9changeons nos connaissances et notre savoir faire dans le domaine de la couture, du patchwork, du tricot \u2026 Si cela vous tente, venez nous rejoindre \u00e0 la Mairie de Buzy. Pour cela il vous faudra simplement vous acquitter\u2026","rel":"","context":"Article similaire","block_context":{"text":"Article similaire","link":""},"img":{"alt_text":"","src":"","width":0,"height":0},"classes":[]},{"id":2042,"url":"https:\/\/labourdenne.fr\/index.php\/atelier-loisirs-creatifs\/","url_meta":{"origin":34,"position":1},"title":"Loisirs Cr\u00e9atifs","author":"Vincent","date":"10 janvier 2019","format":false,"excerpt":"Venez d\u00e9couvrir diff\u00e9rentes activit\u00e9s cr\u00e9atives, acqu\u00e9rir des techniques, partager vos comp\u00e9tences et d\u00e9velopper votre esprit cr\u00e9atif dans une ambiance conviviale! Le programme s'\u00e9laborera au fur et \u00e0 mesure des s\u00e9ances entre les membres de la section pr\u00e9sents. Quand ? Le lundi \u00e0 18h pour les ados et \u00e0 19h30 pour\u2026","rel":"","context":"Article similaire","block_context":{"text":"Article similaire","link":""},"img":{"alt_text":"","src":"","width":0,"height":0},"classes":[]},{"id":25,"url":"https:\/\/labourdenne.fr\/index.php\/atelier-gym\/","url_meta":{"origin":34,"position":2},"title":"Gym","author":"Vincent","date":"14 novembre 2015","format":false,"excerpt":"L'activit\u00e9 gymnastique se d\u00e9roule \ud83d\udcc6 Tous les mardis de 16:30 \u00e0 17:30 \ud83d\udccdA l'espace Sagette (place du Prat, Buzy) \ud83e\ude99 40 \u20ac par trimestre + adh\u00e9sion \u00e0 l'asso L'adh\u00e9sion \u00e0 l'association est obligatoire (10 \u20ac par an et par personne) Venez nous rendre visite et \u00e9ventuellement faire un essai. L'ambiance\u2026","rel":"","context":"Article similaire","block_context":{"text":"Article similaire","link":""},"img":{"alt_text":"","src":"","width":0,"height":0},"classes":[]},{"id":2104,"url":"https:\/\/labourdenne.fr\/index.php\/patrimoine\/","url_meta":{"origin":34,"position":3},"title":"Patrimoine","author":"Vincent","date":"20 janvier 2019","format":false,"excerpt":"Cette section, n\u00e9e en janvier 2019 suite \u00e0 plusieurs initiatives civiques dans le cadre de l'association. Elle a pour but de r\u00e9unir des personnes d\u00e9sireuses de s'investir dans la restauration et le maintien du patrimoine de la commune. Le b\u00e2ti, les histoires de nos anciens, les paysages, les archives communales,\u2026","rel":"","context":"Article similaire","block_context":{"text":"Article similaire","link":""},"img":{"alt_text":"","src":"","width":0,"height":0},"classes":[]},{"id":3750,"url":"https:\/\/labourdenne.fr\/index.php\/communs\/","url_meta":{"origin":34,"position":4},"title":"Partage des communs (plancha, friteuse, percolateur)","author":"Vincent","date":"23 novembre 2023","format":false,"excerpt":"Toutes les associations de Buzy b\u00e9n\u00e9ficient de la possibilit\u00e9 d'emprunter du mat\u00e9riel pour l'organisation de leurs manifestations, f\u00eates et \u00e9v\u00e8nements dans le village. Dans une action de mutualisation des achats, les associations de Buzy, gr\u00e2ce au solde de la tr\u00e9sorerie de l'association BSL (r\u00e9cup\u00e9r\u00e9e \u00e0 sa dissolution) ont acquis :\u2026","rel":"","context":"Article similaire","block_context":{"text":"Article similaire","link":""},"img":{"alt_text":"","src":"","width":0,"height":0},"classes":[]},{"id":4119,"url":"https:\/\/labourdenne.fr\/index.php\/inscription\/","url_meta":{"origin":34,"position":5},"title":"Adh\u00e9sion \u00e0 l&rsquo;association","author":"Vincent","date":"26 mars 2025","format":false,"excerpt":"Pour participer aux activit\u00e9s d'une ou plusieurs sections de l'association, vous devez adh\u00e9rer \u00e0 l'association. S'inscrire Vous pouvez vous inscrire directement avec le formulaire en ligne. Pour des raisons de s\u00e9curit\u00e9, il n'est ouvert que du 1er septembre au 31 octobre, mais les inscriptions restent possible de septembre \u00e0 juin\u2026","rel":"","context":"Article similaire","block_context":{"text":"Article similaire","link":""},"img":{"alt_text":"","src":"","width":0,"height":0},"classes":[]}],"_links":{"self":[{"href":"https:\/\/labourdenne.fr\/index.php\/wp-json\/wp\/v2\/pages\/34","targetHints":{"allow":["GET"]}}],"collection":[{"href":"https:\/\/labourdenne.fr\/index.php\/wp-json\/wp\/v2\/pages"}],"about":[{"href":"https:\/\/labourdenne.fr\/index.php\/wp-json\/wp\/v2\/types\/page"}],"author":[{"embeddable":true,"href":"https:\/\/labourdenne.fr\/index.php\/wp-json\/wp\/v2\/users\/1"}],"replies":[{"embeddable":true,"href":"https:\/\/labourdenne.fr\/index.php\/wp-json\/wp\/v2\/comments?post=34"}],"version-history":[{"count":21,"href":"https:\/\/labourdenne.fr\/index.php\/wp-json\/wp\/v2\/pages\/34\/revisions"}],"predecessor-version":[{"id":4365,"href":"https:\/\/labourdenne.fr\/index.php\/wp-json\/wp\/v2\/pages\/34\/revisions\/4365"}],"wp:attachment":[{"href":"https:\/\/labourdenne.fr\/index.php\/wp-json\/wp\/v2\/media?parent=34"}],"curies":[{"name":"wp","href":"https:\/\/api.w.org\/{rel}","templated":true}]}}