{"id":4119,"date":"2025-03-26T18:45:39","date_gmt":"2025-03-26T17:45:39","guid":{"rendered":"https:\/\/labourdenne.fr\/?page_id=4119"},"modified":"2025-11-08T19:45:07","modified_gmt":"2025-11-08T18:45:07","slug":"inscription","status":"publish","type":"page","link":"https:\/\/labourdenne.fr\/index.php\/inscription\/","title":{"rendered":"Adh\u00e9sion \u00e0 l&rsquo;association"},"content":{"rendered":"\n<p>Pour participer aux activit\u00e9s d&rsquo;une ou plusieurs sections de l&rsquo;association, vous devez adh\u00e9rer \u00e0 l&rsquo;association.<\/p>\n\n\n\n<h2 class=\"wp-block-heading\">S&rsquo;inscrire<\/h2>\n\n\n\n<p>Vous pouvez vous inscrire directement avec le formulaire en ligne. Pour des raisons de s\u00e9curit\u00e9, il n&rsquo;est ouvert que du 1er septembre au 31 octobre, mais <strong>les inscriptions restent possible <\/strong>de septembre \u00e0 juin aupr\u00e8s des r\u00e9f\u00e9rents de section.<\/p>\n\n\n\n<p>Si vous n&rsquo;\u00eates pas \u00e0 l&rsquo;aise avec les formulaires d\u00e9mat\u00e9rialis\u00e9s, faites vous aider. Aussi, les responsables de section ou les membres du bureau pourront \u00e9galement proc\u00e9der \u00e0 votre inscription en votre pr\u00e9sence.<\/p>\n\n\n\n<h2 class=\"wp-block-heading\">Prix de l&rsquo;adh\u00e9sion<\/h2>\n\n\n\n<p class=\"has-medium-font-size\"><strong>10 euros par an et par adh\u00e9rent<\/strong><\/p>\n\n\n\n<p>Valable pour une ou plusieurs sections.<\/p>\n\n\n\n<p>L&rsquo;adh\u00e9sion sert \u00e0 couvrir les frais annuels (assurance, banque, site internet, &#8230;). Chaque section a son propre budget en fonction de ses activit\u00e9s, renseignez vous aupr\u00e8s des r\u00e9f\u00e9rents de section.<\/p>\n\n\n\n<h2 class=\"wp-block-heading\">Formulaire en ligne<\/h2>\n\n\n\n<iframe id=\"haWidget\" allowtransparency=\"true\" src=\"https:\/\/www.helloasso.com\/associations\/association-sportive-et-culturelle-la-bourdenne\/adhesions\/adhesion-annuelle\/widget\" style=\"width: 100%; border: none;\" onload=\"window.addEventListener( 'message', function(e) { const dataHeight = e.data.height; const haWidgetElement = document.getElementById('haWidget'); haWidgetElement.height = dataHeight + 'px'; } )\" ><\/iframe>\n","protected":false},"excerpt":{"rendered":"<p>Pour participer aux activit\u00e9s d&rsquo;une ou plusieurs sections de l&rsquo;association, vous devez adh\u00e9rer \u00e0 l&rsquo;association. S&rsquo;inscrire Vous pouvez vous inscrire directement avec le formulaire en ligne. Pour des raisons de s\u00e9curit\u00e9, il n&rsquo;est ouvert que du 1er septembre au 31 octobre, mais les inscriptions restent possible de septembre \u00e0 juin aupr\u00e8s des r\u00e9f\u00e9rents de section. [&hellip;]<\/p>\n","protected":false},"author":1,"featured_media":0,"parent":0,"menu_order":0,"comment_status":"closed","ping_status":"closed","template":"nosidebar-page.php","meta":{"jetpack_post_was_ever_published":false,"footnotes":""},"class_list":["post-4119","page","type-page","status-publish","hentry"],"jetpack_sharing_enabled":true,"jetpack_shortlink":"https:\/\/wp.me\/P6WNWb-14r","jetpack-related-posts":[{"id":25,"url":"https:\/\/labourdenne.fr\/index.php\/atelier-gym\/","url_meta":{"origin":4119,"position":0},"title":"Gym","author":"Vincent","date":"14 novembre 2015","format":false,"excerpt":"L'activit\u00e9 gymnastique se d\u00e9roule \ud83d\udcc6 Tous les mardis de 16:30 \u00e0 17:30 \ud83d\udccdA l'espace Sagette (place du Prat, Buzy) \ud83e\ude99 40 \u20ac par trimestre + adh\u00e9sion \u00e0 l'asso L'adh\u00e9sion \u00e0 l'association est obligatoire (10 \u20ac par an et par personne) Venez nous rendre visite et \u00e9ventuellement faire un essai. L'ambiance\u2026","rel":"","context":"Article similaire","block_context":{"text":"Article similaire","link":""},"img":{"alt_text":"","src":"","width":0,"height":0},"classes":[]},{"id":34,"url":"https:\/\/labourdenne.fr\/index.php\/atelier-cuisine\/","url_meta":{"origin":4119,"position":1},"title":"Cuisine","author":"Vincent","date":"25 ao\u00fbt 2022","format":false,"excerpt":"Les ateliers cuisine du monde ont repris en cette rentr\u00e9e 2025, dans le plaisir si simple de partager un bon moment autour d'un bon plat. Un samedi par mois \u00e0 partir de 17:00 \u00e0 Buzy\u00a0les marmitons se r\u00e9unissent pour partager et apprendre des recettes du monde entier. En fonction des\u2026","rel":"","context":"Article similaire","block_context":{"text":"Article similaire","link":""},"img":{"alt_text":"","src":"https:\/\/i0.wp.com\/labourdenne.fr\/wp-content\/uploads\/2023\/11\/IMG_7483-Grande.jpeg?resize=350%2C200&ssl=1","width":350,"height":200,"srcset":"https:\/\/i0.wp.com\/labourdenne.fr\/wp-content\/uploads\/2023\/11\/IMG_7483-Grande.jpeg?resize=350%2C200&ssl=1 1x, https:\/\/i0.wp.com\/labourdenne.fr\/wp-content\/uploads\/2023\/11\/IMG_7483-Grande.jpeg?resize=525%2C300&ssl=1 1.5x, https:\/\/i0.wp.com\/labourdenne.fr\/wp-content\/uploads\/2023\/11\/IMG_7483-Grande.jpeg?resize=700%2C400&ssl=1 2x, https:\/\/i0.wp.com\/labourdenne.fr\/wp-content\/uploads\/2023\/11\/IMG_7483-Grande.jpeg?resize=1050%2C600&ssl=1 3x"},"classes":[]},{"id":2104,"url":"https:\/\/labourdenne.fr\/index.php\/patrimoine\/","url_meta":{"origin":4119,"position":2},"title":"Patrimoine","author":"Vincent","date":"20 janvier 2019","format":false,"excerpt":"Cette section, n\u00e9e en janvier 2019 suite \u00e0 plusieurs initiatives civiques dans le cadre de l'association. Elle a pour but de r\u00e9unir des personnes d\u00e9sireuses de s'investir dans la restauration et le maintien du patrimoine de la commune. Le b\u00e2ti, les histoires de nos anciens, les paysages, les archives communales,\u2026","rel":"","context":"Article similaire","block_context":{"text":"Article similaire","link":""},"img":{"alt_text":"","src":"","width":0,"height":0},"classes":[]},{"id":4,"url":"https:\/\/labourdenne.fr\/index.php\/qui-sommes-nous\/","url_meta":{"origin":4119,"position":3},"title":"Qui sommes nous ?","author":"Vincent","date":"13 novembre 2015","format":false,"excerpt":"L'association en quelques mots L'association La Bourdenne a \u00e9t\u00e9 fond\u00e9e en novembre 1997. Elle se situe \u00e0\u00a0Buzy, petite commune des Pyr\u00e9n\u00e9es Atlantiques\u00a0aux portes de la\u00a0vall\u00e9e d'Ossau. Elle a pour but de promouvoir la vie culturelle et sportive de la commune. Elle r\u00e9unit\u00a0plusieurs sections qui sont g\u00e9r\u00e9es\u00a0de mani\u00e8re plus ou moins\u2026","rel":"","context":"Article similaire","block_context":{"text":"Article similaire","link":""},"img":{"alt_text":"","src":"","width":0,"height":0},"classes":[]},{"id":11,"url":"https:\/\/labourdenne.fr\/index.php\/atelier-couture\/","url_meta":{"origin":4119,"position":4},"title":"Couture","author":"Vincent","date":"14 novembre 2015","format":false,"excerpt":"Tous les jeudis de 14:00 \u00e0 17:00\u00a0nous partageons un agr\u00e9able moment. Nous \u00e9changeons nos connaissances et notre savoir faire dans le domaine de la couture, du patchwork, du tricot \u2026 Si cela vous tente, venez nous rejoindre \u00e0 la Mairie de Buzy. Pour cela il vous faudra simplement vous acquitter\u2026","rel":"","context":"Article similaire","block_context":{"text":"Article similaire","link":""},"img":{"alt_text":"","src":"","width":0,"height":0},"classes":[]},{"id":2042,"url":"https:\/\/labourdenne.fr\/index.php\/atelier-loisirs-creatifs\/","url_meta":{"origin":4119,"position":5},"title":"Loisirs Cr\u00e9atifs","author":"Vincent","date":"10 janvier 2019","format":false,"excerpt":"Venez d\u00e9couvrir diff\u00e9rentes activit\u00e9s cr\u00e9atives, acqu\u00e9rir des techniques, partager vos comp\u00e9tences et d\u00e9velopper votre esprit cr\u00e9atif dans une ambiance conviviale! Le programme s'\u00e9laborera au fur et \u00e0 mesure des s\u00e9ances entre les membres de la section pr\u00e9sents. Quand ? Le lundi \u00e0 18h pour les ados et \u00e0 19h30 pour\u2026","rel":"","context":"Article similaire","block_context":{"text":"Article similaire","link":""},"img":{"alt_text":"","src":"","width":0,"height":0},"classes":[]}],"_links":{"self":[{"href":"https:\/\/labourdenne.fr\/index.php\/wp-json\/wp\/v2\/pages\/4119","targetHints":{"allow":["GET"]}}],"collection":[{"href":"https:\/\/labourdenne.fr\/index.php\/wp-json\/wp\/v2\/pages"}],"about":[{"href":"https:\/\/labourdenne.fr\/index.php\/wp-json\/wp\/v2\/types\/page"}],"author":[{"embeddable":true,"href":"https:\/\/labourdenne.fr\/index.php\/wp-json\/wp\/v2\/users\/1"}],"replies":[{"embeddable":true,"href":"https:\/\/labourdenne.fr\/index.php\/wp-json\/wp\/v2\/comments?post=4119"}],"version-history":[{"count":2,"href":"https:\/\/labourdenne.fr\/index.php\/wp-json\/wp\/v2\/pages\/4119\/revisions"}],"predecessor-version":[{"id":4409,"href":"https:\/\/labourdenne.fr\/index.php\/wp-json\/wp\/v2\/pages\/4119\/revisions\/4409"}],"wp:attachment":[{"href":"https:\/\/labourdenne.fr\/index.php\/wp-json\/wp\/v2\/media?parent=4119"}],"curies":[{"name":"wp","href":"https:\/\/api.w.org\/{rel}","templated":true}]}}

Adhésion à l&rsquo;association

<p>Pour participer aux activités d&rsquo;une ou plusieurs sections de l&rsquo;association, vous devez adhérer à l&rsquo;association.</p>



<h2 class="wp-block-heading">S&rsquo;inscrire</h2>



<p>Vous pouvez vous inscrire directement avec le formulaire en ligne. Pour des raisons de sécurité, il n&rsquo;est ouvert que du 1er septembre au 31 octobre, mais <strong>les inscriptions restent possible </strong>de septembre à juin auprès des référents de section.</p>



<p>Si vous n&rsquo;êtes pas à l&rsquo;aise avec les formulaires dématérialisés, faites vous aider. Aussi, les responsables de section ou les membres du bureau pourront également procéder à votre inscription en votre présence.</p>



<h2 class="wp-block-heading">Prix de l&rsquo;adhésion</h2>



<p class="has-medium-font-size"><strong>10 euros par an et par adhérent</strong></p>



<p>Valable pour une ou plusieurs sections.</p>



<p>L&rsquo;adhésion sert à couvrir les frais annuels (assurance, banque, site internet, &#8230;). Chaque section a son propre budget en fonction de ses activités, renseignez vous auprès des référents de section.</p>



<h2 class="wp-block-heading">Formulaire en ligne</h2>



<iframe id="haWidget" allowtransparency="true" src="https://www.helloasso.com/associations/association-sportive-et-culturelle-la-bourdenne/adhesions/adhesion-annuelle/widget" style="width: 100%; border: none;" onload="window.addEventListener( 'message', function(e) { const dataHeight = e.data.height; const haWidgetElement = document.getElementById('haWidget'); haWidgetElement.height = dataHeight + 'px'; } )" ></iframe>

<p>Pour participer aux activités d&rsquo;une ou plusieurs sections de l&rsquo;association, vous devez adhérer à l&rsquo;association. S&rsquo;inscrire Vous pouvez vous inscrire directement avec le formulaire en ligne. Pour des raisons de sécurité, il n&rsquo;est ouvert que du 1er septembre au 31 octobre, mais les inscriptions restent possible de septembre à juin auprès des référents de section. [&hellip;]</p>

L'activité gymnastique se déroule 📆 Tous les mardis de 16:30 à 17:30 📍A l'espace Sagette (place du Prat, Buzy) 🪙 40 € par trimestre + adhésion à l'asso L'adhésion à l'association est obligatoire (10 € par an et par personne) Venez nous rendre visite et éventuellement faire un essai. L'ambiance…

25 août 2022

Les ateliers cuisine du monde ont repris en cette rentrée 2025, dans le plaisir si simple de partager un bon moment autour d'un bon plat. Un samedi par mois à partir de 17:00 à Buzy les marmitons se réunissent pour partager et apprendre des recettes du monde entier. En fonction des…

Cette section, née en janvier 2019 suite à plusieurs initiatives civiques dans le cadre de l'association. Elle a pour but de réunir des personnes désireuses de s'investir dans la restauration et le maintien du patrimoine de la commune. Le bâti, les histoires de nos anciens, les paysages, les archives communales,…

L'association en quelques mots L'association La Bourdenne a été fondée en novembre 1997. Elle se situe à Buzy, petite commune des Pyrénées Atlantiques aux portes de la vallée d'Ossau. Elle a pour but de promouvoir la vie culturelle et sportive de la commune. Elle réunit plusieurs sections qui sont gérées de manière plus ou moins…

Tous les jeudis de 14:00 à 17:00 nous partageons un agréable moment. Nous échangeons nos connaissances et notre savoir faire dans le domaine de la couture, du patchwork, du tricot … Si cela vous tente, venez nous rejoindre à la Mairie de Buzy. Pour cela il vous faudra simplement vous acquitter…

Loisirs Créatifs

Venez découvrir différentes activités créatives, acquérir des techniques, partager vos compétences et développer votre esprit créatif dans une ambiance conviviale! Le programme s'élaborera au fur et à mesure des séances entre les membres de la section présents. Quand ? Le lundi à 18h pour les ados et à 19h30 pour…
